{"id":112,"date":"2017-12-18T16:07:56","date_gmt":"2017-12-18T15:07:56","guid":{"rendered":"http:\/\/www.bootshandel-online.de\/?page_id=112"},"modified":"2022-05-30T11:33:42","modified_gmt":"2022-05-30T09:33:42","slug":"wittow-520-k","status":"publish","type":"page","link":"https:\/\/www.bootshandel-online.de\/?page_id=112","title":{"rendered":"Wittow 520 K"},"content":{"rendered":"<p>Motorboot WITTOW 520 K<\/p>\n<p>Design by SDS<\/p>\n<p><img loading=\"lazy\" class=\"size-medium wp-image-113 aligncenter\" src=\"http:\/\/www.bootshandel-online.de\/wp-content\/uploads\/2017\/12\/wsb_398x262_wittow520k1-300x197.jpg\" alt=\"\" width=\"300\" height=\"197\" srcset=\"https:\/\/www.bootshandel-online.de\/wp-content\/uploads\/2017\/12\/wsb_398x262_wittow520k1-300x197.jpg 300w, https:\/\/www.bootshandel-online.de\/wp-content\/uploads\/2017\/12\/wsb_398x262_wittow520k1.jpg 398w\" sizes=\"(max-width: 300px) 100vw, 300px\" \/><\/p>\n<p>Gute Fahreigenschaften haben die Boote der WITTOW-Serie bei Fischern und Anglern beliebt gemacht. Mit der neuen Kaj\u00fctvariante WITTOW 520 K wird auch den Wasserwanderern Vieles geboten, was das Leben auf dem Wasser angenehm macht.<\/p>\n<p>Die WITTOW 520 K ist ein robustes, trailerbares Vorderkaj\u00fctboot mit einer Au\u00dfenbordmotorisierung bis\u00a0 90 PS. Es wurde speziell f\u00fcr die CE-Kategorie C &#8211; K\u00fcstennahe Gew\u00e4sser &#8211; entworfen.<\/p>\n<p><img loading=\"lazy\" class=\"size-medium wp-image-115 aligncenter\" src=\"http:\/\/www.bootshandel-online.de\/wp-content\/uploads\/2017\/12\/wsb_400x262_wittow520k2-300x197.jpg\" alt=\"\" width=\"300\" height=\"197\" srcset=\"https:\/\/www.bootshandel-online.de\/wp-content\/uploads\/2017\/12\/wsb_400x262_wittow520k2-300x197.jpg 300w, https:\/\/www.bootshandel-online.de\/wp-content\/uploads\/2017\/12\/wsb_400x262_wittow520k2.jpg 400w\" sizes=\"(max-width: 300px) 100vw, 300px\" \/><\/p>\n<p>Der GFK-Rumpf ist im Handauflegeverfahren laminiert und durch seine spezielle Form bestens f\u00fcr die rauhen Bedingungen der K\u00fcste geeignet. Die WITTOW 520 K hat einen gesch\u00fctzten festen Steuerstand mit Windschutzscheibe.<\/p>\n<p>Hauptabmessungen<\/p>\n<ul>\n<li>L\u00e4nge 5,18 m<\/li>\n<li>Breite 2,11 m<\/li>\n<li>Tiefgang 0,26 m<\/li>\n<li>Leermasse 560 kg<\/li>\n<li>Zuladung &#8211; 6 PErsonen \/ 600 kg<\/li>\n<li>Maximale Motorisierung 66 kW<\/li>\n<\/ul>\n<p>Entwurfskategorie C<\/p>\n<p>In der Kaj\u00fcte befinden sich zwei feste Kojen, die durch ein optionales Einlegeteil zu einer Liegefl\u00e4che von 2,10 m x 1,75 m erweitert werden k\u00f6nnen. Die Kaj\u00fcth\u00f6he betr\u00e4gt 1,46 m,\u00a0 die Sitzh\u00f6he ist mit 1,05 m ausreichend dimensioniert.<\/p>\n<p>Stauraum ist im Schrank und unter den Kojen reichlich vorhanden. selbst ein Porta Potti WC ist im Mittelgang unterzubringen. Eine gro\u00dfe Luke im vorderen Bereich sorgt f\u00fcr viel Licht und angemessene Bel\u00fcftung.<\/p>\n<p><img loading=\"lazy\" class=\"wp-image-119 size-medium aligncenter\" src=\"http:\/\/www.bootshandel-online.de\/wp-content\/uploads\/2017\/12\/wsb_400x263_wittow520k3-300x197.jpg\" alt=\"\" width=\"300\" height=\"197\" srcset=\"https:\/\/www.bootshandel-online.de\/wp-content\/uploads\/2017\/12\/wsb_400x263_wittow520k3-300x197.jpg 300w, https:\/\/www.bootshandel-online.de\/wp-content\/uploads\/2017\/12\/wsb_400x263_wittow520k3.jpg 400w\" sizes=\"(max-width: 300px) 100vw, 300px\" \/><\/p>\n<p>In den Boden ist ein abschlie\u00dfbarer bel\u00fcfteter Raum eingelassen, der zwei tragbaren 25-Liter-Tanks Platz bietet.<\/p>\n<p>Die gro\u00dfe selbstlenzende Plicht (1,65 m x 1,65 m) hat ein innere Freibordh\u00f6he von 0.65 m und bietet Dank des verstaubaren Fahrersitzes f\u00fcr Sportangler besonders viel Platz.<\/p>\n<p>Zusatzausstattung<\/p>\n<ul>\n<li>Staukiste achtern<\/li>\n<li>Staukiste im Mittelgang<\/li>\n<li>Trailer, Nutzlast 1.010 kg, gebremst<\/li>\n<\/ul>\n<p><img loading=\"lazy\" class=\"size-medium wp-image-117 aligncenter\" src=\"http:\/\/www.bootshandel-online.de\/wp-content\/uploads\/2017\/12\/wsb_401x263_wittow520k4-300x197.jpg\" alt=\"\" width=\"300\" height=\"197\" srcset=\"https:\/\/www.bootshandel-online.de\/wp-content\/uploads\/2017\/12\/wsb_401x263_wittow520k4-300x197.jpg 300w, https:\/\/www.bootshandel-online.de\/wp-content\/uploads\/2017\/12\/wsb_401x263_wittow520k4.jpg 401w\" sizes=\"(max-width: 300px) 100vw, 300px\" \/><\/p>\n<p>Im Zuge der technischen Weiterentwicklung behalten wir uns \u00c4nderungen vor. Abbildungen und Beschreibungen begr\u00fcnden keine Anspr\u00fcche.<\/p>\n<p>\u00a0<\/p>\n<p><a href=\"http:\/\/www.bootshandel-online.de\/wp-content\/uploads\/2022\/05\/prosp.wittow520k.pdf\" target=\"_blank\" rel=\"noopener\">Flyer zum Ausdrucken<\/a><\/p>\n<p><a href=\"http:\/\/www.bootshandel-online.de\/wp-content\/uploads\/2022\/05\/Ang.Wittow520K.pdf\" target=\"_blank\" rel=\"noopener\">Angebotsanfrage zum Ausdrucken<\/a><\/p>\n<p><a href=\"http:\/\/www.bootshandel-online.de\/?page_id=268\">Online-Angebotsanfrage<\/a><\/p>\n\n\n<p><\/p>\n","protected":false},"excerpt":{"rendered":"<div class=\"slide-text-bg2\"><span>Motorboot WITTOW 520 K Design by SDS Gute Fahreigenschaften haben die Boote der WITTOW-Serie bei Fischern und Anglern beliebt gemacht. Mit der neuen Kaj\u00fct<\/span><\/div>\n<div class=\"slide-btn-area-sm\"><a href=\"https:\/\/www.bootshandel-online.de\/?page_id=112\" class=\"slide-btn-sm\">weiterlesen<\/a><\/div>\n","protected":false},"author":1,"featured_media":0,"parent":0,"menu_order":0,"comment_status":"closed","ping_status":"closed","template":"","meta":[],"_links":{"self":[{"href":"https:\/\/www.bootshandel-online.de\/index.php?rest_route=\/wp\/v2\/pages\/112"}],"collection":[{"href":"https:\/\/www.bootshandel-online.de\/index.php?rest_route=\/wp\/v2\/pages"}],"about":[{"href":"https:\/\/www.bootshandel-online.de\/index.php?rest_route=\/wp\/v2\/types\/page"}],"author":[{"embeddable":true,"href":"https:\/\/www.bootshandel-online.de\/index.php?rest_route=\/wp\/v2\/users\/1"}],"replies":[{"embeddable":true,"href":"https:\/\/www.bootshandel-online.de\/index.php?rest_route=%2Fwp%2Fv2%2Fcomments&post=112"}],"version-history":[{"count":11,"href":"https:\/\/www.bootshandel-online.de\/index.php?rest_route=\/wp\/v2\/pages\/112\/revisions"}],"predecessor-version":[{"id":588,"href":"https:\/\/www.bootshandel-online.de\/index.php?rest_route=\/wp\/v2\/pages\/112\/revisions\/588"}],"wp:attachment":[{"href":"https:\/\/www.bootshandel-online.de\/index.php?rest_route=%2Fwp%2Fv2%2Fmedia&parent=112"}],"curies":[{"name":"wp","href":"https:\/\/api.w.org\/{rel}","templated":true}]}}